3
Let s(y) = y**3 - 6*y**2 + y + 5. Let t be s(5). Let n be ((-2)/(-2))/(t/(-480)). Suppose -z + n = -0. What are the prime factors of z?
2
Let n be ((-5)/(-2))/(2/(-4)). Let w be 3/n - (-118)/5. Let k = 29 - w. List the prime factors of k.
2, 3
Let f(h) = h**2 - h + 8. Let z be f(4). Suppose -72 = -z*j + 17*j. Suppose -j = -r + 4*k, -k = -5*r + 3*k + 136. List the prime factors of r.
2, 7
Let j(o) = -2 + 3*o + 5*o - 3*o**2 + 18*o**2 - 8*o**2. List the prime factors of j(-5).
7, 19
Let a(d) = 5*d**2 + 30*d - 75. What are the prime factors of a(10)?
5, 29
Let f(r) = 6*r**2 - 5*r - 4. Let a be f(-1). Let u be (-176)/(-10) + 2/5. Let t = u + a. List the prime factors of t.
5
Let k(g) = -2*g**2 + 30*g + 30. Let v be k(18). Let u = v + 123. List the prime factors of u.
3, 5
Suppose 5*j = 4*y + 15, -7*j - 16 = -6*j + 3*y. Let a = j - -5. Suppose a*g - 3*g = 26. What are the prime factors of g?
2, 13
Let r(x) = -114*x**3 + 3*x**2 + 18*x - 8. What are the prime factors of r(-3)?
17, 179
Let r(d) = -d + 29. Let s be r(17). What are the prime factors of ((-250)/3)/((-8)/s)?
5
Suppose 0 = -x - 2*d + 18 - 5, -2*d = 3*x - 27. Let v = -7 + x. Suppose v = -3*k - q + 14, 3*k + 0*k - 2*q = -1. What are the prime factors of k?
3
Let g be -5*(-1 - 0 - (-36)/(-2)). Suppose x = -3*x - 196. Let r = x + g. What are the prime factors of r?
2, 23
Let h(m) = -m + 14. Suppose 0 = -6*g - 2*g. Let c be h(g). What are the prime factors of (15/2)/(c/28)?
3, 5
Suppose -3*f + 7 + 14 = 0. List the prime factors of -10*((-70)/4)/f.
5
Let n = 1130 - 667. What are the prime factors of n?
463
Let h be (2 + 22/(-2))/(1/(-23)). Suppose -2*z + h = 3. List the prime factors of z.
2, 3, 17
Let y(r) = -247*r - 50. What are the prime factors of y(-9)?
41, 53
Let v(i) = -i**3 - i**2 + i + 4. Let t be v(0). Let z(y) be the third derivative of y**5/60 + y**3/2 - 142*y**2. What are the prime factors of z(t)?
19
Suppose 2*o - 4*u + 4 = 0, u = 2*o + 3*u - 14. Suppose -o*r = -7 - 9. Suppose -2 = -r*w + 14. List the prime factors of w.
2
Let q(p) = 2*p - 8. Let u be q(7). Let i be u + 1 + -1*2. Suppose 3*t = i*j - 0*j - 15, -4*j + t = -12. What are the prime factors of j?
3
Suppose 0 = -4*k - 4*p + 208, -1 + 6 = -p. What are the prime factors of k?
3, 19
Suppose -3*n = -0*n. Let u = 40 - 40. Suppose u = 5*w + q - 108, -2*w - 2*w + 5*q + 98 = n. What are the prime factors of w?
2, 11
Suppose 0 = y - 9 - 108. List the prime factors of y.
3, 13
Let p(i) = -i**3 + 14*i**2 - i + 880. List the prime factors of p(0).
2, 5, 11
Let g = 32 - 16. Let k = g + -10. List the prime factors of 13/6 - k/36.
2
What are the prime factors of (-11606)/(-6) + (-36)/(-54)?
3, 5, 43
Let n = -789 - -1341. List the prime factors of n.
2, 3, 23
What are the prime factors of (-9 - -9 - -3)*(-478)/(-3)?
2, 239
Let o be 1*-4*(-2 - (-3)/2). Suppose o*t = -0*j + 2*j + 196, 2*j = 2. What are the prime factors of t?
3, 11
Let w = -8 - -14. Suppose -r = -w*r + 85. List the prime factors of r.
17
Suppose 4*n + 0*j - 2*j = 24, -2*n = -4*j - 24. Let d be -4 + 4 + (-115)/(-1). Suppose -3*b = -d + n. What are the prime factors of b?
37
Let p = 7 + 18. Suppose 4*t + 4*b + 14 = 10, 0 = -11*t - 5*b - 17. What are the prime factors of t/(-1)*(6 + p)?
2, 31
Suppose 1005 = -11*b + 14*b. List the prime factors of b.
5, 67
Let c(g) = g**2 - 13*g + 67. List the prime factors of c(14).
3
Let p = 1013 - -417. List the prime factors of p.
2, 5, 11, 13
Suppose 4*d = 3*k + 5863 - 141, 5*d - k - 7147 = 0. List the prime factors of d.
1429
Suppose 3*p - x = 949, -3*x = 3*p - 5*x - 953. What are the prime factors of p?
3, 5, 7
List the prime factors of 1064 + 0 + 8/4 + -4.
2, 3, 59
Let t(w) = 2*w + 16. Let c(l) = l + 16. Let v be c(-10). List the prime factors of t(v).
2, 7
Let h be (-2)/(-5) + 783/5. Let n = h + -93. What are the prime factors of n?
2
Let n = 1138 - 713. Suppose -n = -5*w - 95. What are the prime factors of w?
2, 3, 11
Suppose -4*f + 445 = f. Let i = f + 44. What are the prime factors of i?
7, 19
Let o = -14 + 11. Let c = 9 + o. Suppose 0 = -c*i + i + 75. What are the prime factors of i?
3, 5
What are the prime factors of 467*8/(-12)*(-357)/34?
7, 467
Suppose -x - 14 = -4*s, -4*s + 4*x + 6 = -2. Suppose 2*a = a - s*v + 28, 0 = 5*a - 5*v - 190. List the prime factors of a.
2, 3
Let x = 5 - 1. Suppose 0 = i - 3*i + x. Suppose -5*w - 72 = -i*h, -7*h + 2*h + 180 = -4*w. What are the prime factors of h?
2, 3
Suppose 199*j + 128 = 201*j. List the prime factors of j.
2
Suppose -2*t = 7*n - 4*n - 540, 0 = -t. What are the prime factors of n?
2, 3, 5
Let b be 6/4*(-2 - 0). What are the prime factors of b/4 - (-350)/40?
2
Let b be -1 - 33 - (-1 - -1). Let m be (-4*1)/((-1)/b). What are the prime factors of m/(-12) + 2/3?
2, 3
Suppose 5*d - 2*d - 26 = -5*i, 4*i - 14 = d. Suppose 3*j - 14 - 10 = 0. What are the prime factors of d/j - 444/(-16)?
2, 7
List the prime factors of 11286/33*(-12)/(-9).
2, 3, 19
What are the prime factors of (-74576)/(-826) - 2/7?
2, 3, 5
Let s = -286 + 296. List the prime factors of s.
2, 5
Let p(u) = -913*u**3 - u**2 + u + 2. What are the prime factors of p(-1)?
11, 83
Let f = 359 + -216. Suppose 5*u - 2*l - f = 0, 0 = -u + 4*l + l + 24. List the prime factors of u.
29
Let f = 15 - 13. Let d be (-4)/f - (4 + -124). Suppose 4*l - d = -26. List the prime factors of l.
23
Suppose j = -j + 32. Let i = j - 12. Suppose g + i*g - 30 = 0. List the prime factors of g.
2, 3
Let a(s) = -176*s. List the prime factors of a(-3).
2, 3, 11
List the prime factors of 273/(3 - 0) - 0/1.
7, 13
What are the prime factors of (-93)/(-372) + 35054/8?
2, 7, 313
Suppose 0 = -2*v + 8, d + 1023 - 3292 = -v. List the prime factors of d.
3, 5, 151
Let m(h) = 245*h + 1373. What are the prime factors of m(12)?
19, 227
Let s = 156 + -163. List the prime factors of 3 - (499/(-7) - 2/s).
2, 37
Let y be 4/10 + 396/10. Let k = 73 - y. List the prime factors of k.
3, 11
Let v = -3 + -75. What are the prime factors of 14/(v/20 + 4)?
2, 5, 7
Suppose -2*c - 3*c = -1070. Let h = c + -146. List the prime factors of h.
2, 17
Suppose 3*n - 3696 = -6*r + r, -2218 = -3*r - 2*n. What are the prime factors of r?
2, 3, 41
Suppose -4*x + 35 = -3*x. List the prime factors of 2400/x + (-4)/7.
2, 17
What are the prime factors of (56/2)/(8 - 1840/232)?
2, 7, 29
Let s = 84 + -52. Let b be (s/10)/(14/35). Let l(w) = 3*w - 4. What are the prime factors of l(b)?
2, 5
Suppose 0 = -2*d - i + 2307, d - 545 - 592 = 5*i. Suppose -11*m = -289 - d. What are the prime factors of m?
131
Suppose -5*l = -4*l - 16. Let h = 340 - 314. Suppose h + l = 3*b - 3*g, -2*g + 67 = 3*b. List the prime factors of b.
19
Let s(a) = 16*a**2 - 14*a - 81. What are the prime factors of s(-9)?
3, 149
Let c(v) = v**3 + v**2 - 114. Let g be c(0). Let z = 19 - g. Suppose -7*j = -49 - z. What are the prime factors of j?
2, 13
Let y(l) = -16*l - 2. Let f be (11 + -3)*15/12. Let g(q) = q - 11. Let r be g(f). What are the prime factors of y(r)?
2, 7
Suppose -20*f + 13*f + 7700 = 0. List the prime factors of f.
2, 5, 11
Let s = 0 - -7. Let f = s + -8. Let m(q) = -23*q**3 - 2*q**2 - q. List the prime factors of m(f).
2, 11
Let r(s) = -s**3 + s**2 + 2*s + 104. Let v be r(0). Suppose -3*f + 4*u + v = f, -4*f - u + 94 = 0. What are the prime factors of f?
2, 3
List the prime factors of 11555/(-40)*-6 + 30/40.
2, 3, 17
Let l(q) = 2*q**2 + 21*q + 3. List the prime factors of l(21).
2, 3, 13, 17
Let r(q) = -q**3 + 22*q**2 + 12*q - 18. Let m be r(21). Suppose m = -4*f + 1611. What are the prime factors of f?
2, 3, 13
Let i(a) = 65*a**2 - 12*a - 20. List the prime factors of i(-6).
2, 13, 23
Let g = 3074 - -366. What are the prime factors of g?
2, 5, 43
Let r(k) = -53*k - 3. Let y be r(6). Let o = -163 - y. What are the prime factors of o?
2, 79
Let d(c) = -8*c + 14. Let l be 3/((-36)/(-8) - 4). Let u be d(l). Let k = -8 - u. List the prime factors of k.
2, 13
Let i = 696 - 114. List the prime factors of i.
2, 3, 97
Let a(c) = 10*c - 179. List the prime factors of a(31).
131
Let v = -17 - -17. Suppose v = -f - 4*f + 180. What are the prime factors of f + ((-1)/(-1))/(-1)?
5, 7
Suppose 3*s - 9 = 3*h, 0 = 2*h - 4*h - 6. List the prime factors of (0 - s) + 92 + -17.
3, 5
Suppose 0 = u - 4*g - 3351, -21*g + 20*g - 3345 =